{"id":1182,"date":"2016-03-24T21:21:19","date_gmt":"2016-03-24T21:21:19","guid":{"rendered":"http:\/\/volvobertone.com\/wordpress\/?page_id=1182"},"modified":"2016-05-27T20:46:10","modified_gmt":"2016-05-27T20:46:10","slug":"3frastory","status":"publish","type":"page","link":"https:\/\/volvobertone.com\/wordpress\/fr\/3frastory\/","title":{"rendered":"3frastory"},"content":{"rendered":"<div id=\"pl-1182\"  class=\"panel-layout\" ><div id=\"pg-1182-0\"  class=\"panel-grid panel-has-style\" ><div style=\"padding: 100px 0; \" data-overlay=\"true\" class=\"panel-row-style panel-row-style-for-1182-0\" ><div id=\"pgc-1182-0-0\"  class=\"panel-grid-cell\" ><div id=\"panel-1182-0-0-0\" class=\"so-panel widget_black-studio-tinymce widget_black_studio_tinymce panel-first-child panel-last-child\" data-index=\"0\" ><h3 class=\"widget-title\">La Volvo 780 Coup\u00e9, La derni\u00e8re venue au club.<\/h3><div class=\"textwidget\"><p>&nbsp;<\/p>\n<p><strong>Une \u00e9l\u00e9gance de main de ma\u00eetre.<\/strong><\/p>\n<p><img loading=\"lazy\" decoding=\"async\" class=\"size-medium wp-image-1203 aligncenter\" src=\"http:\/\/volvobertone.com\/wordpress\/wp-content\/uploads\/2016\/03\/2vlv780-300x220.jpg\" alt=\"2vlv780\" width=\"492\" height=\"361\" srcset=\"https:\/\/volvobertone.com\/wordpress\/wp-content\/uploads\/2016\/03\/2vlv780-300x220.jpg 300w, https:\/\/volvobertone.com\/wordpress\/wp-content\/uploads\/2016\/03\/2vlv780-230x169.jpg 230w, https:\/\/volvobertone.com\/wordpress\/wp-content\/uploads\/2016\/03\/2vlv780-350x257.jpg 350w, https:\/\/volvobertone.com\/wordpress\/wp-content\/uploads\/2016\/03\/2vlv780.jpg 492w\" sizes=\"auto, (max-width: 492px) 100vw, 492px\" \/><\/p>\n<p>Au Salon de Gen\u00e8ve, en mars 1985, Volvo a surpris tout le monde, aussi bien amis qu'ennemis, avec la pr\u00e9sentation de<br \/>\nla version super luxe 2 portes haut de gamme de la s\u00e9rie 700: la 780 Coup\u00e9 Bertone.<br \/>\nQuatre ans d\u00e9j\u00e0 que la 262 Coup\u00e9 \u00e9tait disparue de la gamme Volvo. Le design de la 780 est enti\u00e8rement de<br \/>\nla main du ma\u00eetre o\u00f9 il s'exprime avec son int\u00e9rieur \"\u00e0 l'italienne\". Le ch\u00e2ssis, la ligne de caisse, les sp\u00e9cifications<br \/>\nde production et les exigences de qualit\u00e9s furent impos\u00e9s par Volvo. Pour la modique somme de 1.900.000 fb, TVA et taxe<br \/>\nde luxe comprises bien \u00e9videmment, la 780 vous appartenait.<br \/>\nPour ce prix vous disposiez en effet d'une voiture avec toutes les options o\u00fb tout \u00e9quipement suppl\u00e9mentaire \u00e9tait<br \/>\nsuperflu ou d\u00e9j\u00e1 pr\u00e9vu tels que l'attache remorque, le porte-bagages et la rideau pare-soleil. Tout ce que pouvait souhaiter<br \/>\nl;occupant pour son confort \u00e9tait d\u00e9j\u00e0 en place: la climatisation automatique, le r\u00e9glage \u00e9lectrique des si\u00e8ges<br \/>\nchauffants, l'installation hi-fi, le tableau de bord et les panneaux de portes en ronce de h\u00eatre et d'orme. Vingt m\u00b2<br \/>\nde cuir souple \u00e9taient n\u00e9cessaires pour recouvrir l'int\u00e9rieur. Sous le capot on retrouvait le bon vieux moteur<br \/>\nPVR 6 que nous connaissions d\u00e9j\u00e0 dans les s\u00e9ries 260 et 760 Coupl\u00e9 \u00e0 une bo\u00eete automatique la 780 \u00e9tait avant tout<br \/>\ndestin\u00e9e \u00e0 s\u00e9duire les clients du march\u00e9 am\u00e9ricain.<\/p>\n<p>Le petit moteur V6 turbo tel que d\u00e9crit dans la premi\u00e9re brochure du Coup\u00e9 n'a jamais \u00e9t\u00e9 mis en production.<br \/>\nUne alternative bizarre pour le moteur V6 essence \u00e9tait le six-en-ligne turbo-diesel intercooler qui avec ses 9 litres<br \/>\nau 100 parvenait \u00e0 faire convenablement son travail. Cette formule fut props\u00e9e au march\u00e9 italien pour<br \/>\ndes raisons fiscales mais sera \u00e9galement pr\u00e9sent\u00e9e plus tard aux clients des \"pays diesel\" tels que France et la Belgique.<\/p>\n<p><img loading=\"lazy\" decoding=\"async\" class=\"size-medium wp-image-1204 aligncenter\" src=\"http:\/\/volvobertone.com\/wordpress\/wp-content\/uploads\/2016\/03\/inter4-300x133.jpg\" alt=\"inter4\" width=\"740\" height=\"328\" srcset=\"https:\/\/volvobertone.com\/wordpress\/wp-content\/uploads\/2016\/03\/inter4-300x133.jpg 300w, https:\/\/volvobertone.com\/wordpress\/wp-content\/uploads\/2016\/03\/inter4-230x102.jpg 230w, https:\/\/volvobertone.com\/wordpress\/wp-content\/uploads\/2016\/03\/inter4-350x155.jpg 350w, https:\/\/volvobertone.com\/wordpress\/wp-content\/uploads\/2016\/03\/inter4.jpg 740w\" sizes=\"auto, (max-width: 740px) 100vw, 740px\" \/><\/p>\n<p>&nbsp;<\/p>\n<p>Les motorisations les plus int\u00e9ressantes arriveraient en fin de carri\u00e9re de la 780. Rien n'est plus s\u00fbr qu'une<br \/>\nVolvo avec un moteur Volvo. Pour les USA, il s'agissait du 2.3 l Turbo Intercooler de 165 CV qui avec un kit Turbo Plus \u00e9tait<br \/>\npouss\u00e9 jusque 190 CV. Pour l'Europe, le nouveau 2l 16 soupapes Turbo Intercooler trouva sa place sous le capot qui conf\u00e9ra \u00e0<br \/>\ncette luxueuse limousine un ind\u00e9niable caract\u00e8re sportif.<br \/>\nMis \u00e0 part les moteurs, le Coup\u00e9 conne au cours de sa courte carri\u00e8re, de 1985 \u00e0 1990, peu de modifications.<\/p>\n<p><center><img loading=\"lazy\" decoding=\"async\" class=\"alignnone size-medium wp-image-1205\" src=\"http:\/\/volvobertone.com\/wordpress\/wp-content\/uploads\/2016\/03\/2l-4cila-300x192.jpg\" alt=\"2l-4cila\" width=\"514\" height=\"329\" srcset=\"https:\/\/volvobertone.com\/wordpress\/wp-content\/uploads\/2016\/03\/2l-4cila-300x192.jpg 300w, https:\/\/volvobertone.com\/wordpress\/wp-content\/uploads\/2016\/03\/2l-4cila-230x147.jpg 230w, https:\/\/volvobertone.com\/wordpress\/wp-content\/uploads\/2016\/03\/2l-4cila-350x224.jpg 350w, https:\/\/volvobertone.com\/wordpress\/wp-content\/uploads\/2016\/03\/2l-4cila.jpg 514w\" sizes=\"auto, (max-width: 514px) 100vw, 514px\" \/><\/center>&nbsp;<\/p>\n<p>A quelques d\u00e9tails pr\u00e8s tels que la calandre, le feux arri\u00e8re, les tendeurs de ceintures de s\u00e9curit\u00e9 et airbags,<br \/>\nle plus grand changement est intervenu en 1989 avec l'introduction de la suspension ind\u00e9pendante des roues arri\u00e8res.<br \/>\nLa p\u00e9riode est id\u00e9ale pour investir dans une telle voiture. Pour \u00e0 peine 250.000 fb vous pouvez en avoir une.<br \/>\nO\u00f9 trouverez-vous sur le march\u00e9 de l'occasion une telle opportunit\u00e9 pour une somme aussi modique?<br \/>\nLes versions quatre cylindres avec la suspension ind\u00e9pendante des roues arri\u00e8res retiennement notre pr\u00e9f\u00e9rence.<br \/>\nUn moteur diesel avec un nombre \u00e9lev\u00e9 de kilom\u00e8tres n\u00e9cessitera sans aucon doute une r\u00e9vision pouss\u00e9e mais offrira par<br \/>\ncontre durant des ann\u00e9es une \u00e9conomie d'emploi.<br \/>\nLa version V 6 semble tr\u00e8s luxueux de la 780 mais l\u00e9gendaire fiabilit\u00e9 des moteurs su\u00e9dois ne leur est pas applicable.<br \/>\nReste encore la consommation, envisager le GPL pourrait \u00eatre une bonne alternative.<br \/>\nA vous de choisir mais laissez-nous seulement le plaisir de pouvoir contempler, cette belle Italo-Su\u00e9doise.<\/p>\n<p>&nbsp;<\/p>\n<p><strong>Uitlaat, une \u00e9dition du Swedish Car Club Belgium a.s.b.l. September 2000<\/strong><\/p>\n<\/div><\/div><\/div><\/div><\/div><div id=\"pg-1182-1\"  class=\"panel-grid panel-has-style\" ><div class=\"siteorigin-panels-stretch panel-row-style panel-row-style-for-1182-1\" style=\"padding: 10px 0; \" data-stretch-type=\"full\" data-overlay=\"true\" ><div id=\"pgc-1182-1-0\"  class=\"panel-grid-cell\" ><div id=\"panel-1182-1-0-0\" class=\"so-panel widget_sydney_action sydney_action_widget panel-first-child panel-last-child\" data-index=\"1\" >        <div class=\"roll-promobox aside-style\">\r\n\t\t\t<div class=\"promo-wrap\">\r\n\t\t\t\t\t\t\t\t<div class=\"promo-controls\">\r\n\t\t\t\t\t<a href=\"http:\/\/volvobertone.com\/wordpress\/fr\/artikel-fr\/\" class=\"roll-button border\">arri\u00e8re<\/a>\r\n\t\t\t\t<\/div>\r\n\t\t\t<\/div>\r\n        <\/div>\r\n\t<\/div><\/div><\/div><\/div><\/div>","protected":false},"excerpt":{"rendered":"<p>&nbsp; Une \u00e9l\u00e9gance de main de ma\u00eetre. Au Salon de Gen\u00e8ve, en mars 1985, Volvo a surpris tout le monde, [&hellip;]<\/p>\n","protected":false},"author":2,"featured_media":0,"parent":0,"menu_order":0,"comment_status":"closed","ping_status":"closed","template":"page-templates\/page_front-page.php","meta":{"footnotes":""},"class_list":["post-1182","page","type-page","status-publish","hentry"],"_links":{"self":[{"href":"https:\/\/volvobertone.com\/wordpress\/wp-json\/wp\/v2\/pages\/1182","targetHints":{"allow":["GET"]}}],"collection":[{"href":"https:\/\/volvobertone.com\/wordpress\/wp-json\/wp\/v2\/pages"}],"about":[{"href":"https:\/\/volvobertone.com\/wordpress\/wp-json\/wp\/v2\/types\/page"}],"author":[{"embeddable":true,"href":"https:\/\/volvobertone.com\/wordpress\/wp-json\/wp\/v2\/users\/2"}],"replies":[{"embeddable":true,"href":"https:\/\/volvobertone.com\/wordpress\/wp-json\/wp\/v2\/comments?post=1182"}],"version-history":[{"count":8,"href":"https:\/\/volvobertone.com\/wordpress\/wp-json\/wp\/v2\/pages\/1182\/revisions"}],"predecessor-version":[{"id":1237,"href":"https:\/\/volvobertone.com\/wordpress\/wp-json\/wp\/v2\/pages\/1182\/revisions\/1237"}],"wp:attachment":[{"href":"https:\/\/volvobertone.com\/wordpress\/wp-json\/wp\/v2\/media?parent=1182"}],"curies":[{"name":"wp","href":"https:\/\/api.w.org\/{rel}","templated":true}]}}